ed by 74.
73
What is the remainder when 346 is divided by 70?
66
Calculate the remainder when 725 is divided by 177.
17
Calculate the remainder when 97 is divided by 35.
27
What is the remainder when 4660 is divided by 106?
102
Calculate the remainder when 3649 is divided by 11.
8
Calculate the remainder when 115 is divided by 21.
10
Calculate the remainder when 615 is divided by 231.
153
What is the remainder when 3635 is divided by 3624?
11
What is the remainder when 99 is divided by 45?
9
What is the remainder when 2389 is divided by 595?
9
Calculate the remainder when 45 is divided by 31.
14
What is the remainder when 114 is divided by 6?
0
What is the remainder when 48 is divided by 33?
15
Calculate the remainder when 812 is divided by 103.
91
Calculate the remainder when 488 is divided by 32.
8
Calculate the remainder when 357 is divided by 40.
37
Calculate the remainder when 164 is divided by 159.
5
Calculate the remainder when 75 is divided by 32.
11
Calculate the remainder when 795 is divided by 25.
20
Calculate the remainder when 64 is divided by 46.
18
Calculate the remainder when 184 is divided by 48.
40
What is the remainder when 780 is divided by 46?
44
Calculate the remainder when 257 is divided by 83.
8
Calculate the remainder when 173 is divided by 26.
17
Calculate the remainder when 1834 is divided by 17.
15
Calculate the remainder when 140 is divided by 46.
2
Calculate the remainder when 5712 is divided by 20.
12
Calculate the remainder when 11126 is divided by 318.
314
Calculate the remainder when 197 is divided by 25.
22
What is the remainder when 650 is divided by 11?
1
What is the remainder when 86 is divided by 24?
14
What is the remainder when 352 is divided by 17?
12
What is the remainder when 687 is divided by 65?
37
What is the remainder when 108 is divided by 50?
8
What is the remainder when 336 is divided by 17?
13
What is the remainder when 471 is divided by 79?
76
What is the remainder when 8333 is divided by 18?
17
Calculate the remainder when 13366 is divided by 29.
26
Calculate the remainder when 626 is divided by 338.
288
What is the remainder when 198 is divided by 50?
48
Calculate the remainder when 300 is divided by 21.
6
Calculate the remainder when 299 is divided by 38.
33
What is the remainder when 1527 is divided by 1519?
8
Calculate the remainder when 2076 is divided by 42.
18
Calculate the remainder when 1417 is divided by 21.
10
What is the remainder when 49 is divided by 37?
12
What is the remainder when 370 is divided by 93?
91
What is the remainder when 5607 is divided by 187?
184
What is the remainder when 437 is divided by 110?
107
Calculate the remainder when 140 is divided by 40.
20
Calculate the remainder when 678 is divided by 20.
18
What is the remainder when 125 is divided by 12?
5
Calculate the remainder when 2523 is divided by 25.
23
Calculate the remainder when 357 is divided by 32.
5
What is the remainder when 148 is divided by 78?
70
What is the remainder when 643 is divided by 46?
45
Calculate the remainder when 81 is divided by 52.
29
Calculate the remainder when 127 is divided by 48.
31
Calculate the remainder when 277 is divided by 90.
7
What is the remainder when 1701 is divided by 71?
68
Calculate the remainder when 754 is divided by 59.
46
Calculate the remainder when 8733 is divided by 84.
81
What is the remainder when 1632 is divided by 543?
3
Calculate the remainder when 897 is divided by 56.
1
What is the remainder when 189 is divided by 18?
9
What is the remainder when 159 is divided by 41?
36
Calculate the remainder when 482 is divided by 17.
6
What is the remainder when 263 is divided by 135?
128
What is the remainder when 7380 is divided by 71?
67
What is the remainder when 143 is divided by 21?
17
What is the remainder when 28 is divided by 5?
3
Calculate the remainder when 92 is divided by 19.
16
Calculate the remainder when 47 is divided by 20.
7
What is the remainder when 223 is divided by 1?
0
Calculate the remainder when 2047 is divided by 57.
52
Calculate the remainder when 3478 is divided by 71.
70
What is the remainder when 141 is divided by 77?
64
What is the remainder when 2441 is divided by 163?
159
What is the remainder when 69 is divided by 37?
32
What is the remainder when 426 is divided by 5?
1
Calculate the remainder when 551 is divided by 232.
87
What is the remainder when 2051 is divided by 19?
18
What is the remainder when 316 is divided by 106?
104
What is the remainder when 473 is divided by 116?
9
Calculate the remainder when 1679 is divided by 21.
20
What is the remainder when 280 is divided by 128?
24
Calculate the remainder when 234 is divided by 13.
0
Calculate the remainder when 115 is divided by 67.
48
Calculate the remainder when 667 is divided by 404.
263
What is the remainder when 1446 is divided by 69?
66
Calculate the remainder when 125 is divided by 35.
20
What is the remainder when 4794 is divided by 4?
2
Calculate the remainder when 42 is divided by 24.
18
What is the remainder when 640 is divided by 195?
55
What is the remainder when 262 is divided by 7?
3
What is the remainder when 35 is divided by 8?
3
What is the remainder when 3014 is divided by 992?
38
Calculate the remainder when 492 is divided by 9.
6
What is the remainder when 1814 is divided by 140?
134
What is the remainder when 329 is divided by 25?
4
Calculate the remainder when 50 is divided by 39.
11
What is the remainder when 1080 is divided by 152?
16
What is the remainder when 203 is divided by 134?
69
What is the remainder when 3670 is divided by 115?
105
What is the remainder when 83 is divided by 50?
33
What is the remainder when 586 is divided by 42?
40
What is the remainder when 123 is divided by 18?
15
What is the remainder when 243 is divided by 108?
27
Calculate the remainder when 510 is divided by 117.
42
Calculate the remainder when 343 is divided by 75.
43
Calculate the remainder when 837 is divided by 172.
149
Calculate the remainder when 614 is divided by 600.
14
What is the remainder when 395 is divided by 195?
5
What is the remainder when 195 is divided by 49?
48
Calculate the remainder when 3167 is divided by 33.
32
What is the remainder when 133 is divided by 8?
5
What is the remainder when 218 is divided by 22?
20
What is the remainder when 173 is divided by 53?
14
Calculate the remainder when 177 is divided by 62.
53
Calculate the remainder when 6248 is divided by 9.
2
What is the remainder when 578 is divided by 95?
8
What is the remainder when 240 is divided by 41?
35
Calculate the remainder when 959 is divided by 24.
23
What is the remainder when 463 is divided by 61?
36
What is the remainder when 251 is divided by 146?
105
What is the remainder when 70 is divided by 9?
7
What is the remainder when 19 is divided by 4?
3
Calculate the remainder when 164 is divided by 164.
0
What is the remainder when 72 is divided by 59?
13
What is the remainder when 3853 is divided by 34?
11
Calculate the remainder when 240 is divided by 94.
52
Calculate the remainder when 2591 is divided by 173.
169
What is the remainder when 1539 is divided by 2?
1
What is the remainder when 552 is divided by 14?
6
What is the remainder when 2811 is divided by 312?
3
What is the remainder when 1264 is divided by 211?
209
Calculate the remainder when 13549 is divided by 88.
85
What is the remainder when 1523 is divided by 25?
23
Calculate the remainder when 3337 is divided by 1108.
13
Calculate the remainder when 122 is divided by 34.
20
Calculate the remainder when 1993 is divided by 133.
131
Calculate the remainder when 901 is divided by 34.
17
What is the remainder when 317 is divided by 34?
11
Calculate the remainder when 237 is divided by 22.
17
What is the remainder when 220 is divided by 56?
52
Calculate the remainder when 718 is divided by 48.
46
Calculate the remainder when 1189 is divided by 85.
84
Calculate the remainder when 697 is divided by 179.
160
Calculate the remainder when 96 is divided by 49.
47
What is the remainder when 409 is divided by 23?
18
What is the remainder when 130 is divided by 49?
32
What is the remainder when 227 is divided by 38?
37
What is the remainder when 821 is divided by 118?
113
What is the remainder when 151 is divided by 77?
